0433
In base 15, what is 44a - 176?
2c4
In base 8, what is -256660 + 101?
-256557
In base 6, what is -1 - -2304520300?
2304520255
In base 7, what is 14003 + -45402?
-31366
In base 12, what is -342963 - -12?
-342951
In base 3, what is 11100 + 1121111102001?
1121111120101
In base 15, what is -4 + b39d5c?
b39d58
In base 12, what is -2158 - -4550?
23b4
In base 16, what is 3 - -1319738?
131973b
In base 2, what is -1111000011111011 - -10011?
-1111000011101000
In base 14, what is -1030 - -76ac?
667c
In base 11, what is 164 + -803aa?
-80246
In base 2, what is -1101010101111101100101101 - 11?
-1101010101111101100110000
In base 5, what is 4103020012 + -304?
4103014203
In base 4, what is 2033013 - -333223?
3032302
In base 7, what is -126315 - 10345?
-136663
In base 11, what is 65 + -9552?
-9498
In base 7, what is -15 + -113365253?
-113365301
In base 2, what is -101 + 110000100100101110010100?
110000100100101110001111
In base 16, what is 2 + -12f11e?
-12f11c
In base 14, what is 8ad1 - -60d3?
10bc4
In base 8, what is -3 - -11462411?
11462406
In base 10, what is -884 + -31635?
-32519
In base 2, what is 1111001 + 10001101110100101110?
10001101110110100111
In base 7, what is -613056536 - -1?
-613056535
In base 7, what is 2602 + 41666?
44601
In base 6, what is -5 - 1114145004?
-1114145013
In base 9, what is -3 + -662522?
-662525
In base 10, what is 236 - -1911?
2147
In base 5, what is -2 + 12011300140?
12011300133
In base 7, what is -5 + -64133046?
-64133054
In base 6, what is -1 - -131242233?
131242232
In base 2, what is -10010100 + -100000010101001010010?
-100000010101011100110
In base 6, what is -22200555 + -2?
-22201001
In base 14, what is -d9a1 + -6b42?
-16703
In base 15, what is -21 + -268be?
-268e0
In base 16, what is -4 - 2a673f3?
-2a673f7
In base 6, what is -2405 + 3554422?
3552013
In base 14, what is -1030a5 - -3?
-1030a2
In base 4, what is -312303 + 313001?
32
In base 15, what is 52e - 3390?
-2d61
In base 14, what is -11bd - -6d40?
5b61
In base 14, what is 5dd807 - d?
5dd7d8
In base 4, what is -11230 + -10210223?
-10222113
In base 2, what is 11010101000101111110010001 - -11?
11010101000101111110010100
In base 5, what is 1 + -3023300433?
-3023300432
In base 5, what is -404333 + 10110?
-344223
In base 13, what is -27515 - -b87?
-2665b
In base 7, what is 10404434036 + 3?
10404434042
In base 4, what is -32013013101002 + -3?
-32013013101011
In base 7, what is 123131 + -32454?
60344
In base 7, what is 2 + 24405466?
24405501
In base 16, what is -2 + 13f95b?
13f959
In base 13, what is aa878 + -c9?
aa77c
In base 5, what is -1101 + 343102004?
343100403
In base 8, what is 1515742131 + -1?
1515742130
In base 2, what is 101 - -10101011001110100010?
10101011001110100111
In base 14, what is 5aac + -2bc?
57d0
In base 10, what is -35 - -8870757?
8870722
In base 9, what is 1 - 6445648?
-6445647
In base 10, what is -4843 + 1864?
-2979
In base 16, what is bfa3c3 - 35?
bfa38e
In base 2, what is 10111111100 + 1010011100000?
1101011011100
In base 5, what is -1004031012 + 4?
-1004031003
In base 12, what is 160884b - 19?
1608832
In base 13, what is 129764 - 15?
12974c
In base 10, what is -4 + 256021766?
256021762
In base 14, what is 110 - -84a0?
85b0
In base 16, what is f9724a - 0?
f9724a
In base 8, what is -374527 - -36?
-374471
In base 7, what is -663 + 46462?
45466
In base 13, what is 5 + -c51cb7?
-c51cb2
In base 4, what is 23122220120 - -1?
23122220121
In base 15, what is -5 + -b70a231?
-b70a236
In base 15, what is bc + -bb04?
-ba37
In base 15, what is 47d4 - -890?
5174
In base 6, what is -303425 - 1405?
-305234
In base 15, what is -16e4a028 - -2?
-16e4a026
In base 7, what is 5024052 - 1115?
5022634
In base 5, what is -12142402301 - -3?
-12142402243
In base 4, what is 23001 + 3103012333?
3103102000
In base 4, what is -2110102202111 + 3?
-2110102202102
In base 2, what is -11001 + 1011110101010101011011110?
1011110101010101011000101
In base 12, what is -17935 - 762?
-18497
In base 8, what is -250510744 - 4?
-250510750
In base 16, what is -2b - -3f55?
3f2a
In base 16, what is 3a468c - -1?
3a468d
In base 14, what is c856 - 3?
c853
In base 13, what is -9 + 742580?
742574
In base 13, what is -7 - -ac2bca?
ac2bc3
In base 7, what is -114 - 32126241?
-32126355
In base 9, what is -707 - 70458?
-71266
In base 14, what is 361 + -da8d4?
-da573
In base 9, what is -7 + 367345461?
367345453
In base 4, what is -11 + -130110031000?
-130110031011
In base 8, what is -21 + 3770361?
3770340
In base 13, what is 1 - 74ba2?
-74ba1
In base 11, what is 1756a165 + -2?
1756a163
In base 3, what is 20221110200 - -12112002?
21010222202
In base 3, what is -10110011 + -10112202?
-20222220
In base 13, what is -1 + -480ba9?
-480baa
In base 13, what is -72454 - -12a?
-72327
In base 13, what is 1 + -1558481a?
-15584819
In base 5, what is 201430300400 - 0?
201430300400
In base 9, what is 86 + -414532?
-414435
In base 12, what is 1723 - -9b4?
2517
In base 2, what is 1111111000000 + -10101011000?
1101001101000
In base 4, what is -322031330 - 10001?
-322101331
In base 11, what is 4a7a973 + 0?
4a7a973
In base 3, what is 12011001111102200 - -1?
12011001111102201
In base 11, what is 3 - -1540503?
1540506
In base 6, what is -35103201002 + 5?
-35103200553
In base 10, what is -60 + 3352177?
3352117
In base 8, what is 5 + 302111376?
302111403
In base 15, what is -370b500 - 4?
-370b504
In base 15, what is 35c - 2a9c?
-2740
In base 8, what is -35306 + -42426?
-77734
In base 15, what is 31a2 + -10b5e?
-c9ac
In base 2, what is 1111101110101101 + 110101000?
1111110101010101
In base 6, what is 4251243 + 10512?
4302155
In base 4, what is 1301021122213 - -10?
1301021122223
In base 3, what is 102112122 - -12201111?
122021010
In base 9, what is 21365 - -42502?
63867
In base 3, what is -10121220000120021 + -100?
-10121220000120121
In base 11, what is -3594795 + -25?
-359480a
In base 5, what is -3 - 2104342223?
-2104342231
In base 16, what is 4252 - 22c6?
1f8c
In base 8, what is 377 - 12265?
-11666
In base 15, what is -e97bd - a?
-e97c8
In base 15, what is -11874 - -4d?
-11826
In base 9, what is -5 - -167360351?
167360345
In base 3, what is -12011212 - -110121?
-11201021
In base 8, what is 10 - -144644252?
144644262
In base 6, what is -52014505510 + 3?
-52014505503
In base 12, what is -3663b - 4b3?
-36b32
In base 13, what is -4 - -960180?
960179
In base 13, what is -80c1943 - 3?
-80c1946
In base 13, what is 41c - -13a7?
17c6
In base 9, what is -2037866517 + -5?
-2037866523
In base 7, what is 14 - -32031250?
32031264
In base 6, what is 552145520 - 104?
552145412
In base 5, what is -3 + 14121334013?
14121334010
In base 2, what is 10110 + -100100000011011001?
-100100000011000011
In base 5, what is -40 + 141043233?
141043143
In base 6, what is -11 + 123230003?
123225552
In base 13, what is -4c1 - -3a3854?
3a3363
In base 15, what is -4 + -94979?
-9497d
In base 13, what is 11b3 - 5879?
-4696
In base 2, what is -11 - -10010110001111010?
10010110001110111
In base 15, what is 122b7 - 3a?
1227c
In base 5, what is -10 - -403410332?
403410322
In base 15, what is 2a46 + -125?
2921
In base 2, what is 10110110010110001000 - 10101?
10110110010101110011
In base 11, what is 5 - -858271?
858276
In base 8, what is 367 - 6774140?
-6773551
In base 8, what is 1413576 - 206?
1413370
In base 7, what is -5502 - 1605?
-10410
In base 4, what is -331 - 1312232130?
-1312233121
In base 14, what is -17 - 1020?
-1037
In base 5, what is 33 + 104214144?
104214232
In base 15, what is -7 + -40ae8d?
-40ae95
In base 12, what is -2 - 1a3b0541?
-1a3b0543
In base 4, what is -1310001312312 - -1?
-1310001312311
In base 7, what is 10233451163 + -10?
10233451153
In base 13, what is 8 - 4128a41?
-4128a36
In base 3, what is 11 + 1221221200021?
1221221200102
In base 11, what is 403031 - 63?
402a79
In base 6, what is 0 + -130402212?
-130402212
In base 8, what is -67 - 41361460?
-41361547
In base 7, what is -6341316 + 24?
-6341262
In base 5, what is 1000 + -122020?
-121020
In base 2, what is -101111101011001110 - 100101?
-101111101011110011
In base 16, what is ab6a - 1?
ab69
In base 6, what is -2 - 3411002521?
-3411002523
In base 3, what is 112001101011012 + -1102?
112001101002210
In base 10, what is 1212 + -465226?
-464014
In base 10, what is -5698 + 44?
-5654
In base 11, w